 33*s - 33. Determine d(33).
-33
Let z(w) = w**2 + 24*w + 2. What is z(-17)?
-117
Let x(w) = -4*w. Determine x(0).
0
Let g(z) = 24*z - 113. Calculate g(5).
7
Let j(s) = s**3 - 17*s**2 + 17*s + 14. Calculate j(16).
30
Let d(j) = 8*j - 2. What is d(8)?
62
Let m(o) = -o**2 + 4*o + 7. What is m(5)?
2
Let w(n) = -n**3 + 10*n**2 - n - 6. Determine w(9).
66
Let m(d) = -6*d - 103. What is m(-16)?
-7
Let w(n) = -7*n**3 + n**2 - 1. What is w(-1)?
7
Let k(p) = 8*p - 7. Determine k(17).
129
Let u(k) = 3*k**2 - 41*k - 9. Calculate u(14).
5
Let p(v) = -5*v. Calculate p(2).
-10
Let l(w) = w**2 + 19*w + 79. Give l(-11).
-9
Let l(p) = 10*p - 85. Determine l(8).
-5
Let c(v) = 6*v - 13. What is c(3)?
5
Let o(t) = -17*t**3 + 4*t**2 - t - 1. Calculate o(1).
-15
Let c(p) = p**3 + 9*p**2 + 11*p + 5. Determine c(-8).
-19
Let t(f) = f**3 - 53*f**2 + 57*f - 257. Calculate t(52).
3
Let s(l) = -21*l + 276. What is s(13)?
3
Let n(j) = j + 32. Give n(-6).
26
Let v(b) = -b**3 + 10*b**2 - 6*b - 8. Determine v(8).
72
Let t(u) = -u**3 - 5*u**2 - 4*u - 11. Determine t(-5).
9
Let f(y) = -2*y**2 + 30*y + 92. Give f(18).
-16
Let l(k) = 39*k + 28. Calculate l(-1).
-11
Let d(y) = 8*y - 2. Give d(1).
6
Let b(q) = q**2 + 32*q - 2. Determine b(-32).
-2
Let w(z) = -6*z + 13. Determine w(3).
-5
Let b(p) = p**2 - p + 1. Give b(2).
3
Let u(r) = r**2 - 101. Give u(-9).
-20
Let i(m) = -m**2 - 10*m - 1. Determine i(-11).
-12
Let t(u) = -13*u**2 - 5*u - 10. Calculate t(-2).
-52
Let l(c) = -c**2 - 10*c - 7. Determine l(-5).
18
Let x(z) = -5*z - 103. Determine x(-21).
2
Let c(a) = 5*a - 52. What is c(10)?
-2
Let l(w) = -5*w - 3. Calculate l(-11).
52
Let r(c) = 2*c**2 - 46*c - 41. Determine r(24).
7
Let d(s) = s**3 + 12*s**2 + 13*s. Determine d(-11).
-22
Let y(p) = p - 1. Calculate y(6).
5
Let w(t) = t**2 - 11*t + 10. Determine w(9).
-8
Let r(u) = -u**3 - 17*u**2 - 2*u - 20. Give r(-17).
14
Let q(f) = f**2 - f + 4. Give q(3).
10
Let v(u) = -12*u**2 - 2*u + 7. Give v(-1).
-3
Let x(n) = -16*n + 5. Determine x(3).
-43
Let u(m) = -m**2 - 10*m + 178. Determine u(10).
-22
Let d(y) = -2*y**2 - y - 46. Give d(0).
-46
Let i(r) = -27*r - 257. What is i(-9)?
-14
Let b(j) = 4*j**2 + 357*j - 272. Calculate b(-90).
-2
Let r(x) = x**3 + x**2 - 5*x + 7. Determine r(3).
28
Let d(s) = s**2 - 7*s - 6. Calculate d(5).
-16
Let i(l) = -l**2 + 18*l - 63. What is i(6)?
9
Let o(m) = m**2 - 24*m - 36. Determine o(24).
-36
Let v(n) = -16*n + 455. Determine v(28).
7
Let n(x) = 41*x + 1. Give n(-1).
-40
Let b(t) = -5*t. Determine b(1).
-5
Let y(m) = -3*m + 12. Give y(-2).
18
Let z(x) = -x + 3. Give z(0).
3
Let p(x) = -6*x + 4. Determine p(2).
-8
Let d(u) = -6*u + 2. Calculate d(1).
-4
Let l(n) = -12*n - 7. Calculate l(-3).
29
Let o(z) = z**3 + 7*z**2 - 3*z + 4. What is o(-7)?
25
Let u(l) = -l**3 - 29*l**2 - 24*l + 118. Give u(-28).
6
Let y(w) = -w**2 - 49*w - 294. What is y(-42)?
0
Let v(i) = 2*i**3 + 19*i**2 - 7*i + 13. What is v(-10)?
-17
Let m(n) = 10*n - 39. What is m(8)?
41
Let x(k) = -8*k - 46. Calculate x(-6).
2
Let h(j) = 147*j**2 - 3*j + 1. Give h(1).
145
Let g(p) = 9*p. Give g(1).
9
Let d(f) = f**3 - f**2 - f + 95. What is d(0)?
95
Let l(r) = -2*r - 10. Determine l(14).
-38
Let f(h) = -h**3 + 32*h**2 - 30*h. What is f(31)?
31
Let a(h) = -11*h + 6. Determine a(5).
-49
Let w(a) = -2*a**3 + 14*a**2 - 15*a + 1. What is w(6)?
-17
Let b(w) = -w**3 - 5*w**2 - 6*w - 14. What is b(-4)?
-6
Let p(u) = 3*u**3 - 12*u**2 + 3*u - 9. What is p(4)?
3
Let k(l) = l**3 - 14*l**2 + 15*l + 17. Determine k(13).
43
Let y(h) = h**3 - 6*h**2 + 7. Determine y(5).
-18
Let w(n) = -n**2 + 9*n - 6. Give w(5).
14
Let l(j) = 4*j - 7. Give l(-2).
-15
Let m(w) = w**3 + 2*w**2 - 13*w + 2. Give m(-5).
-8
Let f(v) = -v**3 - 5*v**2 + 6*v - 2. Give f(-6).
-2
Let f(b) = -b**2 - 10*b + 18. Give f(-12).
-6
Let j(w) = 7*w - 33. Give j(4).
-5
Let i(p) = -p**2 + 5*p. What is i(5)?
0
Let m(o) = o**3 - 2*o**2 + o + 2. What is m(2)?
4
Let c(j) = -4*j - 121. Calculate c(-32).
7
Let o(j) = j**3 + 6*j**2 - 16*j - 4. What is o(-8)?
-4
Let r(z) = z**3 - 6*z**2 - 3*z + 3. Determine r(6).
-15
Let s(j) = -48*j - 402. Calculate s(-8).
-18
Let k(w) = w - 5. Calculate k(-11).
-16
Let y(j) = 23*j - 3. What is y(-1)?
-26
Let r(l) = -l**3 + 12*l**2 + 26*l - 3. What is r(14)?
-31
Let a(k) = -k**2 + 10*k - 14. What is a(7)?
7
Let x(o) = 2*o**3 + 73*o**2 - 40*o - 107. Give x(-37).
4
Let o(b) = -b**3 + 6*b**2 + 7*b + 14. Give o(6).
56
Let k(w) = -w**3 + 4*w**2 + 14*w + 7. Calculate k(6).
19
Let s(z) = -z**2 + 19*z + 46. Determine s(22).
-20
Let a(d) = -d - 16. Calculate a(-6).
-10
Let t(u) = 5*u - 124. Calculate t(25).
1
Let h(f) = -f**2 + 29*f - 214. Determine h(13).
-6
Let m(y) = 7*y + 17. Give m(9).
80
Let v(j) = -3*j - 5. What is v(-10)?
25
Let p(g) = -62*g**3 - 2*g**2 - 3*g - 2. Calculate p(-1).
61
Let f(x) = 3*x**2 - 16*x - 3. Determine f(6).
9
Let n(u) = 4*u + 328. Give n(-81).
4
Let j(c) = -c**3 - 14*c**2 + 32*c - 3. Give j(-16).
-3
Let z(o) = o**2 - 15*o - 9. Determine z(15).
-9
Let u(c) = 24*c - 432. Give u(18).
0
Let p(y) = -172*y + 5. What is p(0)?
5
Let w(t) = t**2 + 10*t - 21. What is w(2)?
3
Let i(j) = j**2 + 9*j - 2. Give i(-9).
-2
Let b(d) = -11*d**2 + 4*d + 14. Calculate b(-2).
-38
Let t(h) = 2*h**2 - 32*h - 11. What is t(19)?
103
Let d(b) = -19*b - 12. Determine d(6).
-126
Let n(y) = -y - 19. Give n(-6).
-13
Let v(m) = -m**3 + 6*m**2 + 3*m + 11. What is v(7)?
-17
Let u(t) = 5*t + 12. What is u(-1)?
7
Let u(z) = 2*z**3 - 2*z. What is u(-2)?
-12
Let n(w) = 2*w**3 + 3*w**2 + w + 3. Give n(-2).
-3
Let u(g) = 10*g + 20. Calculate u(5).
70
Let h(y) = -7*y + 15. Give h(3).
-6
Let f(b) = b**3 - 3*b**2 - 4*b + 5. Give f(4).
5
Let t(g) = -16*g - 27. Calculate t(-1).
-11
Let i(l) = l**3 + 6*l**2 - 18*l - 85. Give i(-7).
-8
Let q(z) = 4*z - 19. Give q(18).
53
Let h(l) = 232*l - 1386. Calculate h(6).
6
Let c(l) = 4*l + 46. Determine c(-7).
18
Let q(r) = 3*r**2 - 9*r + 8. Calculate q(2).
2
Let r(c) = -c**3 - 6*c**2 + 13*c + 39. What is r(-9)?
165
Let n(w) = 28*w - 23. What is n(2)?
33
Let j(u) = -2*u**3 + 13*u**2 - 6*u - 2. What is j(6)?
-2
Let v(a) = -a**3 + 11*a**2 + 59*a + 17. Calculate v(15).
2
Let n(t) = t - 82. Calculate n(-11).
-93
Let r(m) = m**2 - 11*m - 14. What is r(11)?
-14
Let z(l) = -l**2 - 4. Calculate z(3).
-13
Let d(f) = f**2 - 10*f + 4. What is d(5)?
-21
Let x(r) = -r**3 + 15*r**2 + r - 12. Give x(15).
3
Let r(h) = h**3 + 10*h**2 + 17*h - 4. Determine r(-3).
8
Let k(x) = -x**2 + 11*x + 45. What is k(14)?
3
Let o(m) = 4*m**2 - 16*m - 70. What is o(-3)?
14
Let i(d) = -d**2 + 33. Give i(6).
-3
Let l(v) = v**3 + 80*v**2 - 608*v + 77. Calculate l(-87).
-10
Let c(f) = 4*f - 6. Give c(-2).
-14
Let a(y) = 3*y**3 - y**2 - y. Calculate a(2).
18
Let w(n) = 5*n - 116. What is w(26)?
14
Let g(n) = -18*n + 12. Calculate g(5).
-78
Let t(j) = j**3 - 14*j**2 + 12*j + 15. Calculate t(13).
2
Let n(t) = 5*t - 26. Give n(5).
-1
Let b(y) = 3*y**2 + 10*y - 4. What is b(-5)?
21
Let p(a) = -3*a**2 + 13*a - 14. Calculate p(7).
-70
Let q(v) = -v**3 - 5*v**2 - 3*v. Calculate q(-4).
-4
Let c(w) = -3*w + 25. Give c(8).
1
Let i(b) = -5*b - 6. What is i(-2)?
4
Let l(z) = 39*z - 20. Determine l(2).
58
Let s(l) = l**3 - l**2 + 3*l - 1. Give s(3).
26
Let d(p) = 3*p**2 - 44*p + 11. Determine d(15).
26
Let f(b) = -3*b + 6. Calculate f(0).
6
Let o(l) = l**2 - 12*l + 10. Calculate o(10).
-10
Let o(x) = -x**3 - 13*x**2 - 5*x - 61. Calculate o(-13).
4
Let f(y) = -y**2 + 8*y + 8. Calculate f(6).
20
Let t(q) = q**3 - 9*q**2 - 27*q + 49. Give t(11).
-6
Let i(o) = -o**3 + 7*o**2 - o + 16. What is i(7)?
9
Let k(x) = 13*x + 5. Determine k(-2).
-21
Let k(c) = 2*c**2 + 3*c - 7. Give k(-4).
13
Let o(q) = q**2 + 2*q + 37. Give o(0).
37
Let p(u) = u**3 - 7*u**2 - 18*u - 1. Calculate p(9).
-1
Let v(h) = h**3 - 5*h**2 - 3*h - 1. Calculate v(6).
17
Let f(k) = 80*k - 254. Calculate f(3).
-14
Let o(p) = 23*p - 2. Give o(2).
44
Let m(l) = -l**2 + 13. What is m(0)?
13
Let r(z) = -z**2 - 7*z + 20. Determine r(-10).
-10
Let b(q) = q**2 + 10*q + 4. Give b(-10).
4
Let d(s) = -s**3 + 7*s**2 + 19*s - 4. Determine d(9).
5
Let p(q) = -q - 2. Calculate p(1).
-3
Let c(y) = -26*y - 271. What is c(-11)?
15
Let r(u) = 4*u**2 - 2*u - 1. Determine r(2).
11
Let d(h) = -h**3 + 8*h**2 + 2*h - 11. Give d(8).
5
Let w(q) = q**2 - 4